{"id":26,"date":"2026-03-02T14:58:40","date_gmt":"2026-03-02T14:58:40","guid":{"rendered":"https:\/\/transports-tda.fr\/?page_id=26"},"modified":"2026-03-03T12:01:47","modified_gmt":"2026-03-03T12:01:47","slug":"lentreprise","status":"publish","type":"page","link":"https:\/\/transports-tda.fr\/index.php\/lentreprise\/","title":{"rendered":"L&rsquo;entreprise"},"content":{"rendered":"\n<p>SARL TRANSPORTS DE L&rsquo;AULNE &#8211; Siret n\u00b0 <a href=\"https:\/\/annuaire-entreprises.data.gouv.fr\/etablissement\/99482738400011\">994 827 384 00011<\/a><\/p>\n\n\n\n<div class=\"wp-block-media-text is-stacked-on-mobile\"><figure class=\"wp-block-media-text__media\"><img loading=\"lazy\" decoding=\"async\" width=\"800\" height=\"1000\" src=\"https:\/\/transports-tda.fr\/wp-content\/uploads\/2026\/03\/transports-tda_entreprise.png\" alt=\"\" class=\"wp-image-83 size-full\" srcset=\"https:\/\/transports-tda.fr\/wp-content\/uploads\/2026\/03\/transports-tda_entreprise.png 800w, https:\/\/transports-tda.fr\/wp-content\/uploads\/2026\/03\/transports-tda_entreprise-240x300.png 240w, https:\/\/transports-tda.fr\/wp-content\/uploads\/2026\/03\/transports-tda_entreprise-768x960.png 768w\" sizes=\"auto, (max-width: 800px) 100vw, 800px\" \/><\/figure><div class=\"wp-block-media-text__content\">\n<p><\/p>\n\n\n\n<h2 class=\"wp-block-heading\">Votre expert en fond mouvant en Bretagne<\/h2>\n\n\n\n<p><strong>SARL TRANSPORTS DE L&rsquo;AULNE<\/strong> est une entreprise sp\u00e9cialis\u00e9e dans le <strong>transport en fond mouvant en Bretagne<\/strong>, cr\u00e9\u00e9e pour r\u00e9pondre aux besoins croissants des professionnels du secteur industriel, agricole et environnemental. Bas\u00e9e en Bretagne, plus pr\u00e9cis\u00e9ment \u00e0 Cast dans le Finist\u00e8re la soci\u00e9t\u00e9 intervient sur l\u2019ensemble du territoire r\u00e9gional pour assurer des prestations fiables, r\u00e9actives et conformes aux normes en vigueur.<\/p>\n\n\n\n<p>\u00c0 la t\u00eate de l\u2019entreprise, <strong>Jordan<\/strong>, professionnel du transport avec <strong>plus de 10 ans d\u2019exp\u00e9rience<\/strong>, met son savoir-faire et sa connaissance du terrain au service de ses clients. Son expertise dans le <strong>transport<\/strong> garantit une gestion optimis\u00e9e des flux, une parfaite ma\u00eetrise des contraintes logistiques et un respect strict des r\u00e9glementations environnementales.<\/p>\n\n\n\n<p>La cr\u00e9ation de la soci\u00e9t\u00e9 TRANSPORTS DE L&rsquo;AULNE s\u2019inscrit dans une volont\u00e9 claire : proposer un <strong>service de transport en fond mouvant performant, s\u00e9curis\u00e9 et adapt\u00e9 aux besoins sp\u00e9cifiques des entreprises bretonnes<\/strong>. Gr\u00e2ce \u00e0 un mat\u00e9riel adapt\u00e9 et une organisation rigoureuse, TDA se positionne comme un partenaire de confiance.<\/p>\n<\/div><\/div>\n\n\n\n<p><\/p>\n","protected":false},"excerpt":{"rendered":"<p>SARL TRANSPORTS DE L&rsquo;AULNE &#8211; Siret n\u00b0 994 827 384 00011 Votre expert en fond mouvant en Bretagne SARL TRANSPORTS [&hellip;]<\/p>\n","protected":false},"author":1,"featured_media":0,"parent":0,"menu_order":0,"comment_status":"closed","ping_status":"closed","template":"","meta":{"site-sidebar-layout":"default","site-content-layout":"","ast-site-content-layout":"default","site-content-style":"default","site-sidebar-style":"default","ast-global-header-display":"","ast-banner-title-visibility":"","ast-main-header-display":"","ast-hfb-above-header-display":"","ast-hfb-below-header-display":"","ast-hfb-mobile-header-display":"","site-post-title":"","ast-breadcrumbs-content":"","ast-featured-img":"","footer-sml-layout":"","ast-disable-related-posts":"","theme-transparent-header-meta":"","adv-header-id-meta":"","stick-header-meta":"","header-above-stick-meta":"","header-main-stick-meta":"","header-below-stick-meta":"","astra-migrate-meta-layouts":"default","ast-page-background-enabled":"default","ast-page-background-meta":{"desktop":{"background-color":"var(--ast-global-color-5)","background-image":"","background-repeat":"repeat","background-position":"center center","background-size":"auto","background-attachment":"scroll","background-type":"","background-media":"","overlay-type":"","overlay-color":"","overlay-opacity":"","overlay-gradient":""},"tablet":{"background-color":"","background-image":"","background-repeat":"repeat","background-position":"center center","background-size":"auto","background-attachment":"scroll","background-type":"","background-media":"","overlay-type":"","overlay-color":"","overlay-opacity":"","overlay-gradient":""},"mobile":{"background-color":"","background-image":"","background-repeat":"repeat","background-position":"center center","background-size":"auto","background-attachment":"scroll","background-type":"","background-media":"","overlay-type":"","overlay-color":"","overlay-opacity":"","overlay-gradient":""}},"ast-content-background-meta":{"desktop":{"background-color":"var(--ast-global-color-4)","background-image":"","background-repeat":"repeat","background-position":"center center","background-size":"auto","background-attachment":"scroll","background-type":"","background-media":"","overlay-type":"","overlay-color":"","overlay-opacity":"","overlay-gradient":""},"tablet":{"background-color":"var(--ast-global-color-4)","background-image":"","background-repeat":"repeat","background-position":"center center","background-size":"auto","background-attachment":"scroll","background-type":"","background-media":"","overlay-type":"","overlay-color":"","overlay-opacity":"","overlay-gradient":""},"mobile":{"background-color":"var(--ast-global-color-4)","background-image":"","background-repeat":"repeat","background-position":"center center","background-size":"auto","background-attachment":"scroll","background-type":"","background-media":"","overlay-type":"","overlay-color":"","overlay-opacity":"","overlay-gradient":""}},"footnotes":""},"class_list":["post-26","page","type-page","status-publish","hentry"],"_links":{"self":[{"href":"https:\/\/transports-tda.fr\/index.php\/wp-json\/wp\/v2\/pages\/26","targetHints":{"allow":["GET"]}}],"collection":[{"href":"https:\/\/transports-tda.fr\/index.php\/wp-json\/wp\/v2\/pages"}],"about":[{"href":"https:\/\/transports-tda.fr\/index.php\/wp-json\/wp\/v2\/types\/page"}],"author":[{"embeddable":true,"href":"https:\/\/transports-tda.fr\/index.php\/wp-json\/wp\/v2\/users\/1"}],"replies":[{"embeddable":true,"href":"https:\/\/transports-tda.fr\/index.php\/wp-json\/wp\/v2\/comments?post=26"}],"version-history":[{"count":13,"href":"https:\/\/transports-tda.fr\/index.php\/wp-json\/wp\/v2\/pages\/26\/revisions"}],"predecessor-version":[{"id":84,"href":"https:\/\/transports-tda.fr\/index.php\/wp-json\/wp\/v2\/pages\/26\/revisions\/84"}],"wp:attachment":[{"href":"https:\/\/transports-tda.fr\/index.php\/wp-json\/wp\/v2\/media?parent=26"}],"curies":[{"name":"wp","href":"https:\/\/api.w.org\/{rel}","templated":true}]}}