{"id":98,"date":"2026-03-03T12:46:52","date_gmt":"2026-03-03T12:46:52","guid":{"rendered":"https:\/\/transports-tda.fr\/?page_id=98"},"modified":"2026-03-03T12:46:52","modified_gmt":"2026-03-03T12:46:52","slug":"mentions-legales","status":"publish","type":"page","link":"https:\/\/transports-tda.fr\/index.php\/mentions-legales\/","title":{"rendered":"Mentions l\u00e9gales"},"content":{"rendered":"\n<p>Le pr\u00e9sent site internet, constitu\u00e9 par l\u2019ensemble des pages rattach\u00e9es au nom de domaine <strong>transports-tda.fr<\/strong>, est la propri\u00e9t\u00e9 de :<\/p>\n\n\n\n<p><strong>SARL TRANSPORTS DE L&rsquo;AULNE<\/strong><br>Si\u00e8ge social : Boulvern 29150 Cast<br>Immatricul\u00e9e au Registre du Commerce et des Soci\u00e9t\u00e9s de Quimper sous le SIRET n\u00b0 : <a href=\"https:\/\/annuaire-entreprises.data.gouv.fr\/etablissement\/99482738400011\">994 827 384 00011<\/a><br>E-mail : <a>contact@transports-tda.fr<\/a><\/p>\n\n\n\n<p><strong>Responsable de la publication :<\/strong> Jordan Ren\u00e9, G\u00e9rant<br><strong>Responsable de la r\u00e9daction :<\/strong> Jordan Ren\u00e9<br><strong>Cr\u00e9dits photos :<\/strong> SARL TRANSPORTS DE L&rsquo;AULNE<\/p>\n\n\n\n<hr class=\"wp-block-separator has-alpha-channel-opacity\"\/>\n\n\n\n<h2 class=\"wp-block-heading\">H\u00e9bergeur<\/h2>\n\n\n\n<p>OVH<br>2, rue Kellermann, 59100 Roubaix<\/p>\n\n\n\n<hr class=\"wp-block-separator has-alpha-channel-opacity\"\/>\n\n\n\n<h2 class=\"wp-block-heading\">Droits prot\u00e9g\u00e9s<\/h2>\n\n\n\n<p>L\u2019ensemble des \u00e9l\u00e9ments contenus sur le site <strong>SARL TRANSPORTS DE L&rsquo;AULNE<\/strong> : d\u00e9nominations sociales, produits, marques, textes, logos, images, photographies, infographies, illustrations, ic\u00f4nes, mise en page, base de donn\u00e9es, \u00e9l\u00e9ments sonores\u2026 reste la propri\u00e9t\u00e9 exclusive de SARL TRANSPORTS DE L&rsquo;AULNE.<\/p>\n\n\n\n<p>Tous ces \u00e9l\u00e9ments rel\u00e8vent de la l\u00e9gislation fran\u00e7aise et internationale sur le droit d\u2019auteur et la propri\u00e9t\u00e9 intellectuelle.<\/p>\n\n\n\n<p>Conform\u00e9ment aux dispositions du Code de la Propri\u00e9t\u00e9 Intellectuelle, la reproduction des documents du site est autoris\u00e9e \u00e0 des fins exclusives d\u2019information pour un usage strictement personnel et priv\u00e9. Aucune licence, ni aucun droit autre que celui de consulter le site, n\u2019est conf\u00e9r\u00e9 \u00e0 quiconque au regard des droits de propri\u00e9t\u00e9 intellectuelle.<\/p>\n\n\n\n<p>En cons\u00e9quence, toute repr\u00e9sentation, reproduction, adaptation, traduction et\/ou transformation int\u00e9grale ou partielle, ou tout transfert sur un autre site web de tout \u00e9l\u00e9ment composant le site qui pourrait \u00eatre faite sans le consentement \u00e9crit et pr\u00e9alable de leurs auteurs ou de leurs ayants droit, serait illicite.<\/p>\n\n\n\n<p>Le non-respect de cette interdiction peut constituer un acte de contrefa\u00e7on engageant la responsabilit\u00e9 civile et p\u00e9nale du visiteur, nonobstant tout autre recours de SARL TRANSPORTS DE L&rsquo;AULNE.<\/p>\n\n\n\n<hr class=\"wp-block-separator has-alpha-channel-opacity\"\/>\n\n\n\n<h2 class=\"wp-block-heading\">Donn\u00e9es personnelles<\/h2>\n\n\n\n<p>Les informations personnelles \u00e9ventuellement collect\u00e9es via le site sont trait\u00e9es dans le respect de la r\u00e9glementation en vigueur, notamment le R\u00e8glement G\u00e9n\u00e9ral sur la Protection des Donn\u00e9es (RGPD).<\/p>\n\n\n\n<p>Les donn\u00e9es collect\u00e9es sont destin\u00e9es exclusivement \u00e0 SARL TRANSPORTS DE L&rsquo;AULNE et ne sont en aucun cas c\u00e9d\u00e9es ou vendues \u00e0 des tiers.<\/p>\n\n\n\n<p>Conform\u00e9ment \u00e0 la loi \u00ab Informatique et Libert\u00e9s \u00bb et au RGPD, vous disposez d\u2019un droit d\u2019acc\u00e8s, de rectification, d\u2019effacement, d\u2019opposition et de limitation du traitement de vos donn\u00e9es personnelles.<\/p>\n\n\n\n<p>Pour exercer vos droits, vous pouvez adresser votre demande \u00e0 : <a>contact@transports-tda.fr<\/a><\/p>\n\n\n\n<hr class=\"wp-block-separator has-alpha-channel-opacity\"\/>\n\n\n\n<h2 class=\"wp-block-heading\">Nature de l\u2019information<\/h2>\n\n\n\n<p>SARL TRANSPORTS DE L&rsquo;AULNE met tout en \u0153uvre pour fournir des informations et\/ou des outils disponibles et v\u00e9rifi\u00e9s. Toutefois, les informations fournies sur le site le sont \u00e0 titre purement informatif et n\u2019engagent pas contractuellement la soci\u00e9t\u00e9 et le visiteur du site.<\/p>\n\n\n\n<p>SARL TRANSPORTS DE L&rsquo;AULNE ne saurait garantir l\u2019exactitude, la compl\u00e9tude ou l\u2019actualit\u00e9 des informations diffus\u00e9es sur le site.<\/p>\n\n\n\n<p>En cons\u00e9quence, le visiteur reconna\u00eet utiliser ces informations sous sa responsabilit\u00e9 exclusive. Celui-ci d\u00e9clare avoir pris connaissance des pr\u00e9sentes mentions l\u00e9gales avant la visite du site. En choisissant d\u2019acc\u00e9der au site, le visiteur accepte express\u00e9ment et irr\u00e9vocablement l\u2019ensemble des pr\u00e9sentes mentions l\u00e9gales.<\/p>\n\n\n\n<hr class=\"wp-block-separator has-alpha-channel-opacity\"\/>\n\n\n\n<h2 class=\"wp-block-heading\">Liens hypertextes<\/h2>\n\n\n\n<p>Le site peut contenir des liens hypertextes vers d\u2019autres sites qui ne sont pas sous le contr\u00f4le de SARL TRANSPORTS DE L&rsquo;AULNE.<\/p>\n\n\n\n<p>La soci\u00e9t\u00e9 ne prend aucun engagement concernant ces sites auxquels le visiteur pourrait avoir acc\u00e8s et ne saurait, en aucune fa\u00e7on, \u00eatre responsable de leurs contenus, fonctionnement ou acc\u00e8s.<\/p>\n\n\n\n<hr class=\"wp-block-separator has-alpha-channel-opacity\"\/>\n\n\n\n<h2 class=\"wp-block-heading\">Responsabilit\u00e9<\/h2>\n\n\n\n<p>SARL TRANSPORTS DE L&rsquo;AULNE exclut toute garantie quant au contenu du site.<\/p>\n\n\n\n<p>La soci\u00e9t\u00e9 exclut toute responsabilit\u00e9 s\u2019agissant de tous dommages, directs ou indirects, r\u00e9sultant de l\u2019utilisation ou du fonctionnement de celui-ci.<\/p>\n\n\n\n<hr class=\"wp-block-separator has-alpha-channel-opacity\"\/>\n\n\n\n<h2 class=\"wp-block-heading\">Modification des mentions l\u00e9gales<\/h2>\n\n\n\n<p>SARL TRANSPORTS DE L&rsquo;AULNE se r\u00e9serve le droit de modifier les pr\u00e9sentes mentions l\u00e9gales \u00e0 tout moment. Tout visiteur est li\u00e9 par les conditions en vigueur lors de sa visite.<\/p>\n\n\n\n<hr class=\"wp-block-separator has-alpha-channel-opacity\"\/>\n\n\n\n<h2 class=\"wp-block-heading\">Cookies<\/h2>\n\n\n\n<p>Le site peut utiliser des cookies \u00e0 des fins de fonctionnement, de mesure d\u2019audience ou d\u2019am\u00e9lioration de l\u2019exp\u00e9rience utilisateur.<\/p>\n\n\n\n<p>L\u2019utilisateur peut configurer son navigateur afin de refuser tout ou partie des cookies.<\/p>\n\n\n\n<hr class=\"wp-block-separator has-alpha-channel-opacity\"\/>\n\n\n\n<h2 class=\"wp-block-heading\">Droit applicable<\/h2>\n\n\n\n<p>Le droit applicable est le droit fran\u00e7ais.<\/p>\n\n\n\n<p>Pour tout litige, il est fait attribution exclusive de juridiction aux cours et tribunaux comp\u00e9tents du ressort du si\u00e8ge social de SARL TRANSPORTS DE L&rsquo;AULNE.<\/p>\n","protected":false},"excerpt":{"rendered":"<p>Le pr\u00e9sent site internet, constitu\u00e9 par l\u2019ensemble des pages rattach\u00e9es au nom de domaine transports-tda.fr, est la propri\u00e9t\u00e9 de : [&hellip;]<\/p>\n","protected":false},"author":1,"featured_media":0,"parent":0,"menu_order":0,"comment_status":"closed","ping_status":"closed","template":"","meta":{"site-sidebar-layout":"default","site-content-layout":"","ast-site-content-layout":"default","site-content-style":"default","site-sidebar-style":"default","ast-global-header-display":"","ast-banner-title-visibility":"","ast-main-header-display":"","ast-hfb-above-header-display":"","ast-hfb-below-header-display":"","ast-hfb-mobile-header-display":"","site-post-title":"","ast-breadcrumbs-content":"","ast-featured-img":"","footer-sml-layout":"","ast-disable-related-posts":"","theme-transparent-header-meta":"","adv-header-id-meta":"","stick-header-meta":"","header-above-stick-meta":"","header-main-stick-meta":"","header-below-stick-meta":"","astra-migrate-meta-layouts":"default","ast-page-background-enabled":"default","ast-page-background-meta":{"desktop":{"background-color":"var(--ast-global-color-5)","background-image":"","background-repeat":"repeat","background-position":"center center","background-size":"auto","background-attachment":"scroll","background-type":"","background-media":"","overlay-type":"","overlay-color":"","overlay-opacity":"","overlay-gradient":""},"tablet":{"background-color":"","background-image":"","background-repeat":"repeat","background-position":"center center","background-size":"auto","background-attachment":"scroll","background-type":"","background-media":"","overlay-type":"","overlay-color":"","overlay-opacity":"","overlay-gradient":""},"mobile":{"background-color":"","background-image":"","background-repeat":"repeat","background-position":"center center","background-size":"auto","background-attachment":"scroll","background-type":"","background-media":"","overlay-type":"","overlay-color":"","overlay-opacity":"","overlay-gradient":""}},"ast-content-background-meta":{"desktop":{"background-color":"var(--ast-global-color-4)","background-image":"","background-repeat":"repeat","background-position":"center center","background-size":"auto","background-attachment":"scroll","background-type":"","background-media":"","overlay-type":"","overlay-color":"","overlay-opacity":"","overlay-gradient":""},"tablet":{"background-color":"var(--ast-global-color-4)","background-image":"","background-repeat":"repeat","background-position":"center center","background-size":"auto","background-attachment":"scroll","background-type":"","background-media":"","overlay-type":"","overlay-color":"","overlay-opacity":"","overlay-gradient":""},"mobile":{"background-color":"var(--ast-global-color-4)","background-image":"","background-repeat":"repeat","background-position":"center center","background-size":"auto","background-attachment":"scroll","background-type":"","background-media":"","overlay-type":"","overlay-color":"","overlay-opacity":"","overlay-gradient":""}},"footnotes":""},"class_list":["post-98","page","type-page","status-publish","hentry"],"_links":{"self":[{"href":"https:\/\/transports-tda.fr\/index.php\/wp-json\/wp\/v2\/pages\/98","targetHints":{"allow":["GET"]}}],"collection":[{"href":"https:\/\/transports-tda.fr\/index.php\/wp-json\/wp\/v2\/pages"}],"about":[{"href":"https:\/\/transports-tda.fr\/index.php\/wp-json\/wp\/v2\/types\/page"}],"author":[{"embeddable":true,"href":"https:\/\/transports-tda.fr\/index.php\/wp-json\/wp\/v2\/users\/1"}],"replies":[{"embeddable":true,"href":"https:\/\/transports-tda.fr\/index.php\/wp-json\/wp\/v2\/comments?post=98"}],"version-history":[{"count":1,"href":"https:\/\/transports-tda.fr\/index.php\/wp-json\/wp\/v2\/pages\/98\/revisions"}],"predecessor-version":[{"id":99,"href":"https:\/\/transports-tda.fr\/index.php\/wp-json\/wp\/v2\/pages\/98\/revisions\/99"}],"wp:attachment":[{"href":"https:\/\/transports-tda.fr\/index.php\/wp-json\/wp\/v2\/media?parent=98"}],"curies":[{"name":"wp","href":"https:\/\/api.w.org\/{rel}","templated":true}]}}